In base 9, what is -5836 - 1202?
-7138
In base 7, what is 262510 - -40121?
332631
In base 5, what is 1134132000233 + -1?
1134132000232
In base 13, what is -24895c + 8?
-248954
In base 8, what is -32 - -17422742?
17422710
In base 15, what is -38 + 2d4ca?
2d492
In base 5, what is -24444024 - 1341?
-30000420
In base 8, what is -5 - 1206775616?
-1206775623
In base 14, what is -1 - -2524253?
2524252
In base 11, what is 7a + 50214?
50293
In base 5, what is -2 - -31202221441?
31202221434
In base 4, what is 100011220331 - -103?
100011221100
In base 7, what is 44 + -16350332?
-16350255
In base 13, what is -53855 - -37?
-5381b
In base 12, what is 59613 - -279?
59890
In base 13, what is -26a + -77b?
-a18
In base 14, what is 8922 + -7d9?
8127
In base 6, what is 302 + 42442023?
42442325
In base 12, what is 571243 + 2?
571245
In base 8, what is -1073 - -3520?
2425
In base 2, what is 1111 - -1010111000011100?
1010111000101011
In base 7, what is -320121 - -256?
-316532
In base 14, what is 5818c6b - -5?
5818c72
In base 5, what is -10131311441 + -4?
-10131312000
In base 7, what is -163210031 + -16?
-163210050
In base 15, what is -bb44 + -4d?
-bb92
In base 15, what is 157898 + 6?
15789e
In base 5, what is 2334041 + 134202?
3023243
In base 15, what is -3 - 9525c?
-95260
In base 11, what is -803 - -43?
-770
In base 11, what is 325a + -3639?
-38a
In base 16, what is 80 - -7ad32?
7adb2
In base 5, what is -401204111 + 140?
-401203421
In base 13, what is a1a - 660a?
-58c0
In base 5, what is 1334332 - -130432?
2020314
In base 14, what is -1a999b46 + 4?
-1a999b42
In base 11, what is 62790 - -24?
62804
In base 11, what is 32755461 - 0?
32755461
In base 6, what is 133034355 + -30?
133034325
In base 3, what is 102 - 2011200220?
-2011200111
In base 12, what is -571 - 140968?
-141319
In base 5, what is 10 + -1130110311?
-1130110301
In base 3, what is -10 - -11120012122011211?
11120012122011201
In base 7, what is -2 - -166562355?
166562353
In base 10, what is -1384 + -337?
-1721
In base 13, what is -284 - -13c808?
13c554
In base 16, what is -891a1fa - 6?
-891a200
In base 6, what is 10201042031 + 3?
10201042034
In base 15, what is -4 + -71ceaa?
-71ceae
In base 3, what is 221010120 - 11202221?
202100122
In base 4, what is 101111103 - 31013?
101020030
In base 5, what is -11 + 2232002321?
2232002310
In base 4, what is 131001130212 - -1?
131001130213
In base 10, what is -1021747 + 6?
-1021741
In base 16, what is -610ae9 - 1?
-610aea
In base 12, what is -149764 + -446?
-149baa
In base 12, what is -b0 - -a17a81?
a17991
In base 7, what is 22551635 - -3?
22551641
In base 13, what is -b9 + 5a492?
5a3a6
In base 4, what is 11 + 133022221010?
133022221021
In base 16, what is ae0589f + -3?
ae0589c
In base 8, what is 36105 - 1056?
35027
In base 8, what is -53772427 + -5?
-53772434
In base 3, what is 11121 + 2101212111120?
2101212200011
In base 11, what is 149a48 + -117?
149931
In base 4, what is 1 + 1110111233322?
1110111233323
In base 13, what is 1 + 241949?
24194a
In base 12, what is 1a1390 - -1?
1a1391
In base 14, what is -5 - -141985a?
1419855
In base 3, what is 1012121222202 + -101202?
1012121121000
In base 12, what is a + -3a557?
-3a549
In base 2, what is 10011000000011010010010001 - -1110?
10011000000011010010011111
In base 13, what is -7ac695 - -1?
-7ac694
In base 15, what is 2 + 3246cb?
3246cd
In base 8, what is -2 - -21164444?
21164442
In base 10, what is 4623468 + 1?
4623469
In base 6, what is 32140 - -104003?
140143
In base 15, what is 6 + -1b0a471?
-1b0a46a
In base 8, what is 75646 + -1451?
74175
In base 11, what is -15a04 + 218?
-15797
In base 12, what is -aa4 - 6474b?
-65633
In base 16, what is 11f80 + 261?
121e1
In base 9, what is 1050 - -757454?
758514
In base 14, what is 2cc6 + d36?
3c1c
In base 5, what is 3302031013 + -420?
3302030043
In base 5, what is 120401042 - 21024?
120330013
In base 8, what is 2522360 + 37?
2522417
In base 3, what is 1 - 12110110200102100?
-12110110200102022
In base 5, what is -2004 + -1234212?
-1241221
In base 10, what is 74942534 - 4?
74942530
In base 6, what is 1240254 + 251?
1240545
In base 8, what is 134 + -221765?
-221631
In base 5, what is 20140423 - -143431?
20334404
In base 6, what is -223020141 + 13?
-223020124
In base 6, what is -4 + 1311345210?
1311345202
In base 11, what is 617852 + 149?
6179a0
In base 9, what is 117311 + -5842?
111358
In base 16, what is 13 - c0f7eb?
-c0f7d8
In base 6, what is 551024 - -50315?
1041343
In base 14, what is 2047c + -ac7?
1d795
In base 8, what is -71310 + -5457?
-76767
In base 11, what is -60 + 39a10?
39960
In base 2, what is -10 + -1010000010100111?
-1010000010101001
In base 3, what is 12 + -1210121201101221?
-1210121201101202
In base 12, what is -1016a63 - -3?
-1016a60
In base 8, what is 156716 - -107?
157025
In base 6, what is -30011400 + -115?
-30011515
In base 13, what is 1 - -4c83118?
4c83119
In base 12, what is -442 - 25434?
-25876
In base 6, what is 10 - -304353324?
304353334
In base 16, what is -5a4c370 - -6?
-5a4c36a
In base 12, what is 54911 + 7?
54918
In base 7, what is 145203212 + 10?
145203222
In base 10, what is -85874153 + 10?
-85874143
In base 16, what is 5 - 37ef41?
-37ef3c
In base 10, what is -24194177 + 4?
-24194173
In base 10, what is 6 - -3185578?
3185584
In base 12, what is -1152b339 + -8?
-1152b345
In base 3, what is -100022002 - -2012121221?
1212022212
In base 5, what is 10323 - 3123142?
-3112314
In base 7, what is -346543 - 245?
-350121
In base 14, what is -45 - 3874c4?
-387529
In base 12, what is -20b5964 + -3?
-20b5967
In base 10, what is -15985 + -39435?
-55420
In base 5, what is -123 + -3002424442?
-3002430120
In base 16, what is -fb03 + -5d?
-fb60
In base 12, what is 873928 + 12?
87393a
In base 10, what is -15789 + -6415?
-22204
In base 10, what is 4 + 10889143?
10889147
In base 8, what is 1461 - -606062?
607543
In base 14, what is 2c66818 - -1?
2c66819
In base 11, what is 518784422 - -2?
518784424
In base 14, what is -169599b + 5?
-1695996
In base 5, what is -24020 + 424210?
400140
In base 13, what is -885110 - -4?
-885109
In base 7, what is -435415152 - 11?
-435415163
In base 5, what is 2 - -124023421204?
124023421211
In base 13, what is -2257c + 2125?
-20457
In base 12, what is -11827ba8 - -9?
-11827b9b
In base 4, what is 10 + 21311221200?
21311221210
In base 5, what is -14212144230 + -1?
-14212144231
In base 14, what is 74c70ca + -9?
74c70c1
In base 10, what is -87776006 + 4?
-87776002
In base 6, what is -14022023205 - -4?
-14022023201
In base 5, what is 12 - 40044141?
-40044124
In base 15, what is -1a82836c - 5?
-1a828372
In base 6, what is -3 + 43344051?
43344044
In base 8, what is 4 - 216037?
-216033
In base 3, what is 20 + 2222200201122011?
2222200201122101
In base 14, what is -d4bd - -12c8?
-c1d5
In base 9, what is -134734 + -1310?
-136144
In base 10, what is 12 + 981162?
981174
In base 2, what is 11 - -101010101010111111111?
101010101011000000010
In base 9, what is 55276284 - -1?
55276285
In base 5, what is -3142223 + 1322401?
-1314322
In base 4, what is 33 - -1022122230100?
1022122230133
In base 8, what is 11523 - 1230?
10273
In base 15, what is -82 + -c5b3?
-c645
In base 11, what is -160 - 31552?
-31702
In base 4, what is 101101022023 - -13?
101101022102
In base 6, what is -5 + -3013541333?
-3013541342
In base 11, what is 5 + -a75a69?
-a75a64
In base 10, what is -6275314 + 1?
-6275313
In base 8, what is 102042 - -1070?
103132
In base 2, what is 10000011011011110110000111 + -10111?
10000011011011110101110000
In base 15, what is 12dd78e0 + -4?
12dd78db
In base 15, what is 4 - -4bb7b43?
4bb7b47
In base 14, what is -5 + -1088da?
-108901
In base 3, what is -220 - -222222010011221?
222222010011001
In base 12, what is 31 - -4a4159?
4a418a
In base 10, what is -4 - 12297505?
-12297509
In base 16, what is a + -43e87?
-43e7d
In base 6, what is 23 - -130320502?
130320525
In base 10, what is -8 - 161972428?
-161972436
In base 4, what is 310 + -301112131101?
-301112130131
In base 12, what is 4 + 3b70872?
3b70876
In base 15, what is -7e3a7 - -4?
-7e3a3
In base 12, what is -29 - -185196?
185169
In base 13, what is -1 - a4684c?
-a46850
In base 8, what is 566 + -13366?
-12600
In base 4, what is -222 + 11123030?
11122202
In base 2, what is 1 - -10000000111100110000010?
1000000